j?
13, 19
Let y be (-1)/(3 - 64/20). Suppose -421 = -y*s + 3*h, -4*s + 2*h + 483 = 145. List the prime factors of s.
2, 43
Suppose 0 = 3*o + 17 + 1. Let b = 1 + o. What are the prime factors of -1 - ((-2)/(-1) + b)?
2
Suppose 8*n = 6*n - 36. What are the prime factors of n/3 - -40 - (1 - -2)?
31
What are the prime factors of ((-1184)/5 - -5)*-5?
19, 61
Let v = 16 + -16. Suppose v = -3*m + m + 108. List the prime factors of m.
2, 3
Let d be (-23 - -14)*(0 - -5). What are the prime factors of ((-18)/d)/((-2)/(-535))?
107
Suppose -12*o = -26*o + 7448. List the prime factors of o.
2, 7, 19
What are the prime factors of (-12)/10*50/(-6)?
2, 5
Let w(y) = -y**3 - 17*y**2 + 25. Let s be w(-17). Suppose 0 = 3*b - s - 8. Suppose m - b = 32. List the prime factors of m.
43
Let u(p) = -38*p - 1. Let s be u(4). Let k = 579 + s. List the prime factors of 9/15 - k/(-15).
29
Suppose -3*r - 11 = -152. Let l = r + -18. What are the prime factors of l?
29
Suppose -5*w = 5*f - f - 35, 0 = -3*w - 2*f + 21. Suppose 0*j + 1113 = w*j. List the prime factors of j.
3, 53
Let z = 9 + -11. List the prime factors of (z/(-2))/(1/43).
43
Let o(c) = 3 - c - c - 2 + 0. Let f be o(1). List the prime factors of ((-6)/(-12))/(f/(-42)).
3, 7
Suppose 0 = -2*a - 5 + 1. What are the prime factors of a/10 + 780/25?
31
Suppose 395 = -3*a + 2132. What are the prime factors of a?
3, 193
Suppose 5*h + 4*z - 719 = 0, -24 = 4*z - 8. List the prime factors of h.
3, 7
Suppose -3*n - 3 = -4*n. Let p be 6*n/6*1. What are the prime factors of ((3 - 63)/p)/(-1)?
2, 5
Let s(b) = -b**2 - 2*b - 1. Let m be s(-1). Let r be 4 + -7 - m/3. What are the prime factors of (33 - 1) + (r - -3)?
2
Let j(n) = 12*n**2 - 2*n + 5. Let h be j(5). Suppose 6*x = h + 191. What are the prime factors of x?
3
Let y = 516 + -108. List the prime factors of y.
2, 3, 17
Suppose 0 = -2*q - 6*q + 2128. Suppose 2*l - 113 = -3*p, -5*l - 2*p + q = -0*l. What are the prime factors of l?
2, 13
Let m(n) = n - 2. Let z be m(3). Let w = z + 1. Suppose w*a - 4 = -0. List the prime factors of a.
2
Let k(i) = -507*i - 611. What are the prime factors of k(-9)?
2, 13, 19
Let o(n) = 3*n**2 - 11*n + 15. Let f = 33 + -26. What are the prime factors of o(f)?
5, 17
Let s = 31 + -27. Suppose -s*n = 2*n - 294. Suppose 0*x = 4*u + x - n, -3*u = -3*x - 18. List the prime factors of u.
11
Let z(o) = 4*o**2 + 24*o + 112 - 5*o**2 - 113. List the prime factors of z(10).
139
Suppose -5*c = -0*c. Suppose -167 = -y - c*y. Suppose -5*x - 12 + y = 0. What are the prime factors of x?
31
Let r be 7/4 + 19/76. Suppose -i - r*i = 4*d - 231, 2*d = 5*i + 135. What are the prime factors of d?
2, 3, 5
Let f(r) = 37*r - 490. List the prime factors of f(25).
3, 5, 29
Let d(x) = -9*x - 60. Let v be d(-6). What are the prime factors of (-2 + (-2)/v)/((-10)/1620)?
2, 3, 5
Suppose 4*b - 5*b = -2704. List the prime factors of b.
2, 13
Let c be (-2 - -3)*-2*-6. Suppose -c*f = -4*f + 4464. List the prime factors of 33/(-44) + f/(-8).
3, 23
Let n be (-9)/(-4) - (-1)/(-4). Suppose h = -n*h + 120. Suppose 5*l - 15 = h. What are the prime factors of l?
11
Suppose -92*y + 95*y - 9096 = 0. List the prime factors of y.
2, 379
Let y be (-3)/9 + 16/3. Suppose -q - 7 + y = 0. What are the prime factors of (-412)/(-9) - q/9?
2, 23
Suppose -t + 8 - 37 = -3*q, 2*t + 34 = 3*q. Suppose 3*o = 3*d - 100 - 26, 0 = -4*o - q. What are the prime factors of d?
2, 5
Suppose 2*l + 4 = 5*b, 0 = 5*b - l - 2*l - 1. Suppose g - 5*i = -b*g + 5, -4 = -2*i. Suppose -5*s + g*j = 10, 0*s - j = s - 6. List the prime factors of s.
2
Suppose 3*d = -73 + 784. Let y = d - 124. What are the prime factors of y?
113
Suppose 729 = 2*q + c, q - 5*q = 4*c - 1468. What are the prime factors of q?
2, 181
Suppose 2*u + 309 = -5*f, 5*f + 288 = 5*u - 42. Let n = f + 22. Let r = n + 71. List the prime factors of r.
2, 3, 5
Let y(i) = 10*i**2 - 6*i - 9. Let r be y(-6). Suppose -2*l = -5*t - r, -3*l + 4*t = 5*t - 606. List the prime factors of l.
3, 67
Let g = 522 + -137. List the prime factors of g.
5, 7, 11
Let a(n) be the first derivative of n**4/4 - 11*n**3/3 + 7*n**2/2 + 5*n + 3. Let c be a(10). What are the prime factors of ((-10)/c)/((-2)/(-230))?
2, 23
Let d(s) = 178*s - 1. Let n be d(2). What are the prime factors of (-1 + -2)*n/(-15)?
71
Let r(b) = -4*b + 537. What are the prime factors of r(0)?
3, 179
Let n(z) = -669*z - 895. What are the prime factors of n(-4)?
13, 137
List the prime factors of (-25 + 1)*2*930/(-24).
2, 3, 5, 31
Let b(y) be the third derivative of 0 + 0*y - 5*y**2 - 1/8*y**4 - 4/3*y**3. List the prime factors of b(-8).
2
Suppose -6*a - 32 + 206 = 0. List the prime factors of a.
29
Let t(b) = -b**3 - 9*b**2 - 2*b - 10. Let o be t(-10). Let i = -6 - -9. Suppose i*f - f = o. What are the prime factors of f?
5, 11
Let c(h) = -h + 9. Let r be c(9). Suppose 0*b + b + 8 = r. List the prime factors of b/1*(-14)/4.
2, 7
Let m(c) be the second derivative of -11/2*c**2 + 0 - 5/6*c**3 + 3/4*c**4 + 3*c - 1/20*c**5. What are the prime factors of m(8)?
13
Let q(k) = 11*k + 68. Let g be q(-6). Suppose 4*a = 5*y - 156 - 194, 5*y = g*a + 360. What are the prime factors of y?
2, 37
Let m(d) = d**3 - 15*d**2 - 53*d - 10. List the prime factors of m(18).
2
Let t(n) = 546*n - 112. List the prime factors of t(5).
2, 7, 11, 17
Let b be 195/21 - 6/21. Let v = -15 - -10. Let j = b - v. List the prime factors of j.
2, 7
Suppose -3*n - 4 + 13 = 0. Suppose 4*v = -2*z + 444, 2*z - n*z = -2*v + 222. List the prime factors of v.
3, 37
Suppose -f - 12 = 20. Let s = 30 + f. What are the prime factors of 8*(-22)/16*s?
2, 11
Suppose 5*m = -2*x + 490, -3*x - 4*m + 486 = -x. Suppose x = 3*v + 2*v. List the prime factors of v.
47
Let c = 323 + -223. Let w = c - 59. List the prime factors of w.
41
Let v(n) = n**2 - 6*n + 5. Let r be v(5). Let d be 42/(-7) - (-3 - r). Let b(o) = -6*o - 1. List the prime factors of b(d).
17
What are the prime factors of 30/(-45)*1902/(-4) + 1?
2, 3, 53
Suppose -3*n = -8*n + 2*o + 1074, 0 = -n + 5*o + 224. Let r = -138 + n. What are the prime factors of r?
2, 19
Let u(n) = -49*n**3 + 6*n**2 - 3*n + 2. Let f(c) = -99*c**3 + 13*c**2 - 7*c + 5. Let w(x) = 4*f(x) - 9*u(x). Let h = -57 + 58. List the prime factors of w(h).
2, 11
Suppose -1577 = -30*s + 3493. List the prime factors of s.
13
Let z = -34 + 22. Let s(c) = c**3 + 11*c**2 - 18*c - 10. What are the prime factors of s(z)?
2, 31
Suppose -l + 15 = 2*y, -y + 10 = -0*y - 2*l. Let m = 10 - y. What are the prime factors of -5*(m + (-5 - 2))?
5
Let q = 2722 + -1772. What are the prime factors of q?
2, 5, 19
Let h = 5 + -4. Let w = -3 - h. Let b(j) = j**2 + 2*j - 5. List the prime factors of b(w).
3
Suppose y = m - 20, 3*m + m + 4 = 0. Let v = -15 - y. List the prime factors of 5/((-60)/(-28))*v.
2, 7
Suppose -o - 4*j = -156 - 894, -4 = 2*j. List the prime factors of o.
2, 23
What are the prime factors of 3*(-5)/(-45)*-3 + 5456?
5, 1091
Let m(w) = 129*w**3 - w**2 - 2*w + 2. Let a = -90 + 91. List the prime factors of m(a).
2
Let u be (-1 + (-58)/14)/((-1)/7). Suppose 8*o = 10*o + 3*y - 39, -4*y + u = 2*o. What are the prime factors of o?
2, 3
Suppose 697 = w + 5*m, -2*m + 242 = 4*w - 2546. List the prime factors of w.
17, 41
Let v be 1/(-3)*(-2 + 2). Suppose 64 = -3*s - 4*y, v = s - 2*y + 2 + 6. Let g = s - -20. What are the prime factors of g?
2
What are the prime factors of 106*(6 + (-99)/(-18))?
23, 53
Let n = 611 - 411. What are the prime factors of n?
2, 5
Let q be (-4)/2 - (7 + 4). Suppose 2*z + 117 = -z - 3*y, -4*z - 5*y - 160 = 0. Let u = q - z. List the prime factors of u.
2, 11
Suppose -x = -6*x + 5*k + 185, 0 = 5*x - 2*k - 194. Suppose -2*s - x + 438 = 0. List the prime factors of s.
199
Suppose -162*r + 301 = -155*r. List the prime factors of r.
43
Let v(d) = 201*d - 140. Let m(i) = -40*i + 28. Let f(p) = -11*m(p) - 2*v(p). What are the prime factors of f(6)?
2, 5
Suppose -8*n + 790 + 858 = 0. What are the prime factors of n?
2, 103
Let m(n) = 10*n - 88. Let c be 6/10 - (0 - 609/35). What are the prime factors of m(c)?
2, 23
Suppose -4*r = -4, f + 0*f = 4*r - 2. Let s = f - 9. List the prime factors of -2 - (-2 - 3) - s.
2, 5
What are the prime factors of (-4)/10 - (-7730)/(-75)*-6?
2, 3, 103
Let f be (-6274)/(-7) - 4/14. Suppose 3*t - 10*t